ase 4, what is 1111 + 3311313?
3313030
In base 11, what is 13100 - -2?
13102
In base 10, what is -303 + 2251?
1948
In base 2, what is -101101010000001 + 100?
-101101001111101
In base 3, what is 10120 - 111202?
-101012
In base 8, what is -10 - 720344?
-720354
In base 12, what is -4 - -113b?
1137
In base 2, what is 1100100 + -110111011000?
-110101110100
In base 5, what is -3313 + -20312?
-24130
In base 2, what is -100010110 - -100111101011?
100011010101
In base 14, what is a9 + 713?
7bc
In base 4, what is -2031 - 3333?
-12030
In base 15, what is 2 + -3e8b?
-3e89
In base 3, what is 12010 + 2210?
21220
In base 10, what is -2095 + -16?
-2111
In base 8, what is 4 - 322405?
-322401
In base 9, what is 12385630 - 5?
12385624
In base 9, what is 11345 + 85?
11441
In base 8, what is 102 + 443?
545
In base 6, what is -4 - 151255?
-151303
In base 12, what is -205 - 3ab5?
-40ba
In base 12, what is -1a4 - -57?
-149
In base 4, what is -3301 - 13213?
-23120
In base 12, what is 10815 - b?
10806
In base 2, what is -1 - -1011001101101010?
1011001101101001
In base 8, what is 1271 + -173?
1076
In base 15, what is -28761 - 0?
-28761
In base 8, what is -2104170 - 7?
-2104177
In base 5, what is -1311 + -1342224?
-1344040
In base 11, what is -2803a + -5?
-28044
In base 2, what is 110010 + -110111110000100?
-110111101010010
In base 9, what is -517 + 8?
-508
In base 5, what is 4222 - 23?
4144
In base 4, what is -11 - -1100303?
1100232
In base 12, what is 7 + -36a51?
-36a46
In base 3, what is 21102210 - -102100?
21212010
In base 16, what is 3 - 42887?
-42884
In base 6, what is -302101 - 522?
-303023
In base 4, what is 12230 - 31?
12133
In base 13, what is -5 + -214?
-219
In base 12, what is -313 - 384b?
-3b62
In base 15, what is -2 - -976?
974
In base 9, what is -2 - -1256335?
1256333
In base 2, what is -101011 + 10100001001000?
10100000011101
In base 13, what is 208c + -11?
207b
In base 8, what is 5507 - 1153?
4334
In base 14, what is -2 - 2490?
-2492
In base 14, what is -450 + -53d?
-98d
In base 2, what is 1110011 - 10101100?
-111001
In base 2, what is -110 + -11010000?
-11010110
In base 13, what is 16 + 10064?
1007a
In base 7, what is 1 - 422425?
-422424
In base 3, what is 1 - -11010202110?
11010202111
In base 13, what is -36 - bca1?
-c007
In base 10, what is 425 - -152?
577
In base 4, what is -3021 + 1321?
-1100
In base 4, what is 1133 - 22211?
-21012
In base 6, what is 332 - 125350?
-125014
In base 4, what is -2033100 + 130?
-2032310
In base 10, what is -1 + 180643?
180642
In base 16, what is -db8a0 + 4?
-db89c
In base 4, what is 2212220 - 11?
2212203
In base 4, what is 23 - 2331302?
-2331213
In base 15, what is -2 + -7d204?
-7d206
In base 15, what is -b + -3b4a?
-3b56
In base 7, what is -1241446 + -3?
-1241452
In base 8, what is 1 - 7163651?
-7163650
In base 8, what is -636 - -372?
-244
In base 4, what is -12 - 2223201?
-2223213
In base 10, what is 2 + -79246?
-79244
In base 6, what is -4 + -12112?
-12120
In base 2, what is 1010 - 10111010110111?
-10111010101101
In base 7, what is -4 - -24415?
24411
In base 10, what is 563 + 27?
590
In base 6, what is 13 + 15212302?
15212315
In base 10, what is -20 + 12653?
12633
In base 5, what is 110 - 24002?
-23342
In base 12, what is -992351 - -2?
-99234b
In base 10, what is -92 - -580?
488
In base 16, what is -21 - -932?
911
In base 11, what is 4604 - 10?
45a4
In base 9, what is 1065243 - 1?
1065242
In base 15, what is 48 - 5c48?
-5c00
In base 6, what is -2 - -113535?
113533
In base 6, what is -142 - -41441?
41255
In base 15, what is 132a8b - -1?
132a8c
In base 16, what is 519 - -1e?
537
In base 16, what is 5 - 2eb21?
-2eb1c
In base 8, what is -767411 - 4?
-767415
In base 7, what is -11 - -16200?
16156
In base 9, what is -8 + 7158?
7150
In base 14, what is 26 + -2d0?
-2a8
In base 8, what is 5 - 7647?
-7642
In base 9, what is 585 - 5?
580
In base 16, what is -724 - b2?
-7d6
In base 10, what is 42 + -89?
-47
In base 10, what is 180 - 229?
-49
In base 7, what is -1 + 163362?
163361
In base 14, what is 5 - -21c81b?
21c822
In base 3, what is 1222010 + 2222?
2002002
In base 13, what is -16 - 15380?
-15396
In base 15, what is c + -b1?
-a4
In base 11, what is -34751 + -18?
-34769
In base 4, what is -212122 + -333?
-213121
In base 3, what is -1021 - -1020011?
1011220
In base 15, what is d2 - 39d?
-2bb
In base 9, what is -357180 + -4?
-357184
In base 9, what is -4 - -752?
747
In base 4, what is 201101 + 12?
201113
In base 13, what is -13 - 8c?
-a2
In base 6, what is -434152 + 1?
-434151
In base 6, what is 0 - 111020?
-111020
In base 9, what is -1 + -300164?
-300165
In base 14, what is -306bcc + 0?
-306bcc
In base 12, what is -60a - 3?
-611
In base 5, what is 0 - 31011?
-31011
In base 16, what is -3 + -7974?
-7977
In base 3, what is 21 + -100120222?
-100120201
In base 14, what is -1a5 + -12?
-1b7
In base 10, what is 163 + 1140?
1303
In base 12, what is 1013 + 3?
1016
In base 16, what is -63d + -61?
-69e
In base 13, what is 11 + -1920a?
-191c9
In base 16, what is -3eb82 - 4?
-3eb86
In base 8, what is 657367 + -5?
657362
In base 10, what is -1452 + 107?
-1345
In base 5, what is 2231223 - -4?
2231232
In base 12, what is 11ba38 + 5?
11ba41
In base 8, what is 3437 - -676?
4335
In base 16, what is 55 + 18eb?
1940
In base 3, what is -20022111 + -222?
-20100110
In base 8, what is 1045 - -25?
1072
In base 11, what is 1512 + 319?
1830
In base 6, what is 2 - -105545?
105551
In base 3, what is -21101021000 - 12?
-21101021012
In base 8, what is 5070 + 120?
5210
In base 8, what is 441624 - -5?
441631
In base 5, what is 111310 - -4101?
120411
In base 5, what is 4340 - 104?
4231
In base 11, what is -220 - 6?
-226
In base 16, what is 8b + 27?
b2
In base 2, what is -1001110010111 + -10?
-1001110011001
In base 6, what is -134 + -5345?
-5523
In base 2, what is 1000 - 1010111011000110?
-1010111010111110
In base 6, what is 4 - 3301121?
-3301113
In base 7, what is 425653 - 2?
425651
In base 6, what is 410 - 3155?
-2345
In base 3, what is -10210102101 - -10?
-10210102021
In base 5, what is -1311423 - 11?
-1311434
In base 7, what is 355602 + -2?
355600
In base 11, what is 3 - -30a098?
30a0a0
In base 11, what is -4987 - 15?
-49a1
In base 16, what is -2 + -43e07?
-43e09
In base 4, what is -33202133 + 112?
-33202021
In base 8, what is 433 - 5446?
-5013
In base 7, what is 3 + 354425?
354431
In base 12, what is 30286 - -5?
3028b
In base 12, what is -92a7 + 32?
-9275
In base 13, what is -6 + -3abc?
-3ac5
In base 16, what is -1 + 414?
413
In base 5, what is 3 - -12033?
12041
In base 13, what is 62b039 - -4?
62b040
In base 7, what is 12 + -13534?
-13522
In base 14, what is -a + b73a?
b730
In base 8, what is -211 - 10210?
-10421
In base 3, what is 201 - -121200222?
121201200
In base 10, what is 641 - -10?
651
In base 4, what is -3 + -30310033?
-30310102
In base 14, what is 2 - d03?
-d01
In base 4, what is 313223 + 321?
320210
In base 16, what is -1 + -4e591?
-4e592
In base 8, what is -2301016 + -12?
-2301030
In base 4, what is 133 - -11113?
11312
In base 7, what is 1642 + 36?
2011
In base 3, what is -10 + 22021121111?
22021121101
In base 14, what is -3a4 + -1c8?
-58c
In base 3, what is 100020020202 - 0?
100020020202
In base 16, what is 1d5 - -5f9?
7ce
In base 2, what is -11001101 - -10010111111?
1111110010
In base 11, what is 9a + 726?
815
In base 2, what is -10101 - -1010111010111010?
1010111010100101
In base 14, what is 1d29d1 + -4?
1d29cb
In base 9, what is 441 - 278?
152
In base 13, what is 7 - -14a8b8?
14a8c2
In base 4, what is -2132122 + 10?
-2132112
In base 13, what is 175c6 - 6?
175c0
In base 2, what is -111011110010100011 + 111?
-111011110010011100
In base 7, what is -16553 - 1021?
-20604
In base 7, what is -125 - 6331?
-6456
In base 15, what is 43128 - -2?
4312a
In base 4, what is 132 - -210132?
210330
In base 9, what is -1 - -3834?
3833
In base 10, what is 5 - -96422?
96427
In base 2, what is 11010111111110111111 - 11?
11010111111110111100
In base 2, what is -11010 + -10000000101?
-10000011111
In base 14, what is 353d8 + 2?
353da
In base 2, what is -1101000010 - 110001?
-1101110011
In base 13, what is -2 - 4155c?
-41561
In base 7, what is 245443 + -1?
245442
In base 4, what is 1013031 - -11023?
1030120
In base 15, what is -15 + 69d?
688
In base 16, what is 